{"id":16,"date":"2024-03-11T17:50:58","date_gmt":"2024-03-11T16:50:58","guid":{"rendered":"https:\/\/dadarindz.fr\/?page_id=16"},"modified":"2025-04-29T07:02:08","modified_gmt":"2025-04-29T05:02:08","slug":"attirance-numerique","status":"publish","type":"page","link":"https:\/\/dadarindz.fr\/index.php\/attirance-numerique\/","title":{"rendered":"Attirance num\u00e9rique"},"content":{"rendered":"\n<h2 class=\"wp-block-heading\">Id\u00e9e projet sant\u00e9 (?)<\/h2>\n\n\n\n<div class=\"wp-block-columns is-layout-flex wp-container-core-columns-is-layout-28f84493 wp-block-columns-is-layout-flex\">\n<div class=\"wp-block-column is-layout-flow wp-block-column-is-layout-flow\">\n<p>Je voudrais faire une application s\u00e9curis\u00e9e avec l\u2019intelligence artificielle.<\/p>\n\n\n\n<ul class=\"wp-block-list\">\n<li>Elle permettrait aux particulier d\u2019avoir acc\u00e8s \u00e0 tout leur dossier m\u00e9dical.<\/li>\n\n\n\n<li>Le dossier m\u00e9dical serait regroup\u00e9 dans un cloud tr\u00e8s s\u00e9curis\u00e9 (il y a des r\u00e8gles pour  les donn\u00e9es de sant\u00e9).<\/li>\n\n\n\n<li>L&rsquo;application marcherait comme un site web mais aussi sur un t\u00e9l\u00e9phone, le particulier pourrait par cons\u00e9quent y avoir acc\u00e8s \u00e0 n\u2019importe quel moment.<\/li>\n\n\n\n<li>L&rsquo;application leur permettrai aussi de transmettre certaines donn\u00e9es, de leur choix, a leur m\u00e9decin ou a des professionnel de sant\u00e9 afin de faciliter les prises en charge ou les diagnostics<\/li>\n\n\n\n<li>Un \u00e9l\u00e9ments pourrait \u00eatre reli\u00e9 \u00e0 d&rsquo;autres, par exemple un r\u00e9sultat d&rsquo;examen \u00e0 une ordonnance<\/li>\n\n\n\n<li>L&rsquo;intelligence artificielle permettrait de mieux relier les \u00e9l\u00e9ments entre eux en proposant des liens<\/li>\n\n\n\n<li>Le partage et le lien entre les \u00e9l\u00e9ments permettrai de connaitre les diff\u00e9rentes pathologies ou ant\u00e9c\u00e9dent m\u00e9dicaux du patient.<\/li>\n\n\n\n<li>L\u00e0 aussi l&rsquo;intelligence artificielle permettrait d&rsquo;analyser les r\u00e9sultats d&rsquo;examen et de pr\u00e9dire des possibles \u00e9volutions.<\/li>\n<\/ul>\n\n\n\n<p>Voici une image d&rsquo;illustration faite par DALL-E, le moteur graphique de ChatGPT.<\/p>\n<\/div>\n\n\n\n<div class=\"wp-block-column is-layout-flow wp-block-column-is-layout-flow\">\n<figure class=\"wp-block-image size-full\"><img loading=\"lazy\" decoding=\"async\" width=\"1024\" height=\"1024\" src=\"http:\/\/dadarindz.fr\/wp-content\/uploads\/2024\/04\/AppliCloud.png\" alt=\"\" class=\"wp-image-83\" srcset=\"https:\/\/dadarindz.fr\/wp-content\/uploads\/2024\/04\/AppliCloud.png 1024w, https:\/\/dadarindz.fr\/wp-content\/uploads\/2024\/04\/AppliCloud-300x300.png 300w, https:\/\/dadarindz.fr\/wp-content\/uploads\/2024\/04\/AppliCloud-150x150.png 150w, https:\/\/dadarindz.fr\/wp-content\/uploads\/2024\/04\/AppliCloud-768x768.png 768w\" sizes=\"auto, (max-width: 1024px) 100vw, 1024px\" \/><\/figure>\n<\/div>\n<\/div>\n\n\n\n<h2 class=\"wp-block-heading\">Cybers\u00e9curit\u00e9<\/h2>\n\n\n\n<p>Je suis passionn\u00e9e par la cybers\u00e9curit\u00e9 et ses d\u00e9fis intellectuels. Cela serait CHOUETTE de pouvoir d\u00e9velopper mes comp\u00e9tences en protection des syst\u00e8mes tout en respectant une \u00e9thique forte&#8230;<\/p>\n\n\n\n<h2 class=\"wp-block-heading\">Cybers\u00e9curit\u00e9 et IA<\/h2>\n\n\n\n<p>De plus, encore dans l\u2019incertitude entre la cybers\u00e9curit\u00e9 et le num\u00e9rique dans la sant\u00e9 malgr\u00e9 une attirance particuli\u00e8re pour la cyber s\u00e9cu, j\u2019ai une id\u00e9e de projet que j\u2019aimerai un jour r\u00e9aliser.<\/p>\n\n\n\n<p>Ce serait un projet pour aider au niveau du personnel m\u00e9dical (donc pas n\u00e9cessitant des connaissances m\u00e9dicales car je ne suis pas sp\u00e9cialement int\u00e9ress\u00e9e par des \u00e9tudes de m\u00e9decine).<\/p>\n\n\n\n<p>L&rsquo;id\u00e9e serait d\u2019am\u00e9liorer les diff\u00e9rent syst\u00e8mes et modules permettant aux urgences et au personnel hospitalier d\u2019am\u00e9liorer leur condition de travail, par exemple les plannings, les cong\u00e9s, les \u00e9volutions et qui utiliserait l\u2019intelligence artificielle afin d\u2019\u00eatre a chaque instant plus performant.<\/p>\n\n\n\n<h2 class=\"wp-block-heading\">Cybers\u00e9curit\u00e9 &amp; D\u00e9fense<\/h2>\n\n\n\n<p>La cybers\u00e9curit\u00e9 et la d\u00e9fense sont des domaines qui me passionnent aussi car c\u2019est un enjeu essentiel pour prot\u00e9ger nos donn\u00e9es et nos infrastructures face aux menaces croissantes. Un objectif serait de contribuer activement \u00e0 s\u00e9curiser les syst\u00e8mes num\u00e9riques et \u00e0 prot\u00e9ger les informations sensibles.<\/p>\n\n\n\n<h2 class=\"wp-block-heading\">Enfance dans environnement num\u00e9rique<\/h2>\n\n\n\n<p> J&rsquo;ai grandi dans un environnement num\u00e9rique o\u00f9 les ordinateurs \u00e9taient pr\u00e9sents, notamment gr\u00e2ce \u00e0 mon p\u00e8re, DSI, ce qui a naturellement nourri ma passion pour la technologie. J&rsquo;ai eu mon premier ordinateur assez jeune m\u00eame si je n&rsquo;avais pas souvent le droit de l&rsquo;utiliser&#8230;.<\/p>\n\n\n\n<h2 class=\"wp-block-heading\">Programmation diff\u00e9rents trucs (<em>Scratch<\/em>, <em>Numework<\/em>, projet en html lyc\u00e9e)<\/h2>\n\n\n\n<p>Passionn\u00e9e par le num\u00e9rique, je me suis amus\u00e9e d\u00e8s le coll\u00e8ge gr\u00e2ce aux cours de Techno \u00e0 imaginer des petites histoires avec des objets sur <em>Scratch<\/em>. Je me souviens de mon premier projet : une histoire conte de f\u00e9e avec un chat pour h\u00e9ro. Puis j&rsquo;ai l\u00e9g\u00e8rement personnalis\u00e9 mes jeux sur calculatrice <em>Numework<\/em> \u00e0 savoir 2048 et Snake. <\/p>\n\n\n\n<p>Au lyc\u00e9e, gr\u00e2ce \u00e0 ma Sp\u00e9 NSI, j&rsquo;ai r\u00e9alis\u00e9 des petits projets en local comme un site en html sur le sommeil, ou un travail de groupe sur un jeu d&rsquo;arcade.<\/p>\n\n\n\n<p><\/p>\n\n\n\n<p><\/p>\n","protected":false},"excerpt":{"rendered":"<p>Id\u00e9e projet sant\u00e9 (?) Je voudrais faire une application s\u00e9curis\u00e9e avec l\u2019intelligence artificielle. Voici une image d&rsquo;illustration faite par DALL-E, le moteur graphique de ChatGPT. Cybers\u00e9curit\u00e9 Je suis passionn\u00e9e par la cybers\u00e9curit\u00e9 et ses d\u00e9fis intellectuels. Cela serait CHOUETTE de pouvoir d\u00e9velopper mes comp\u00e9tences en protection des syst\u00e8mes tout en respectant une \u00e9thique forte&#8230; Cybers\u00e9curit\u00e9 [&hellip;]<\/p>\n","protected":false},"author":2,"featured_media":0,"parent":0,"menu_order":0,"comment_status":"closed","ping_status":"closed","template":"","meta":{"footnotes":""},"class_list":["post-16","page","type-page","status-publish","hentry"],"blocksy_meta":[],"_links":{"self":[{"href":"https:\/\/dadarindz.fr\/index.php\/wp-json\/wp\/v2\/pages\/16","targetHints":{"allow":["GET"]}}],"collection":[{"href":"https:\/\/dadarindz.fr\/index.php\/wp-json\/wp\/v2\/pages"}],"about":[{"href":"https:\/\/dadarindz.fr\/index.php\/wp-json\/wp\/v2\/types\/page"}],"author":[{"embeddable":true,"href":"https:\/\/dadarindz.fr\/index.php\/wp-json\/wp\/v2\/users\/2"}],"replies":[{"embeddable":true,"href":"https:\/\/dadarindz.fr\/index.php\/wp-json\/wp\/v2\/comments?post=16"}],"version-history":[{"count":8,"href":"https:\/\/dadarindz.fr\/index.php\/wp-json\/wp\/v2\/pages\/16\/revisions"}],"predecessor-version":[{"id":211,"href":"https:\/\/dadarindz.fr\/index.php\/wp-json\/wp\/v2\/pages\/16\/revisions\/211"}],"wp:attachment":[{"href":"https:\/\/dadarindz.fr\/index.php\/wp-json\/wp\/v2\/media?parent=16"}],"curies":[{"name":"wp","href":"https:\/\/api.w.org\/{rel}","templated":true}]}}