{"id":13,"date":"2024-03-21T20:49:26","date_gmt":"2024-03-21T19:49:26","guid":{"rendered":"https:\/\/dadarindz.fr\/?page_id=13"},"modified":"2025-04-02T00:41:34","modified_gmt":"2025-04-01T22:41:34","slug":"mes-experiences","status":"publish","type":"page","link":"https:\/\/dadarindz.fr\/index.php\/mes-experiences\/","title":{"rendered":"Mes exp\u00e9riences"},"content":{"rendered":"\n<h2 class=\"wp-block-heading\">Volley : capitaine d\u2019\u00e9quipe et arbitre<\/h2>\n\n\n<ul class=\"wp-block-latest-posts__list has-dates wp-block-latest-posts\"><li><div class=\"wp-block-latest-posts__featured-image alignleft\"><img loading=\"lazy\" decoding=\"async\" width=\"150\" height=\"150\" src=\"https:\/\/dadarindz.fr\/wp-content\/uploads\/2025\/04\/6C69D66B-9DA6-47BF-A997-47CEBD0093B9-150x150.jpeg\" class=\"attachment-thumbnail size-thumbnail wp-post-image\" alt=\"\" style=\"\" \/><\/div><a class=\"wp-block-latest-posts__post-title\" href=\"https:\/\/dadarindz.fr\/index.php\/2025\/04\/05\/me-myself-and-i-at-the-2024-og\/\">Me, Myself and I at the 2024 OG<\/a><time datetime=\"2025-04-05T19:10:20+02:00\" class=\"wp-block-latest-posts__post-date\">5 avril 2025<\/time><div class=\"wp-block-latest-posts__post-excerpt\">Une belle exp\u00e9rience et quelle ambiance ! J&rsquo;ai eu la chance d&rsquo;assister \u00e0 la comp\u00e9tition des JO 2025 de l&rsquo;\u00e9quipe masculine de volley \u00e0 l&rsquo;Arena Paris Sud le 2 aout 2024 ! France 2 &#8211; Slov\u00e9nie 3 Les futurs m\u00e9daill\u00e9s d&rsquo;or lors de la difficile \u00e9preuve des qualifications&#8230;Certes, les deux premiers sets ont \u00e9t\u00e9 perdus,\u2026 <a class=\"wp-block-latest-posts__read-more\" href=\"https:\/\/dadarindz.fr\/index.php\/2025\/04\/05\/me-myself-and-i-at-the-2024-og\/\" rel=\"noopener noreferrer\">Lire la suite<span class=\"screen-reader-text\">\u00a0: Me, Myself and I at the 2024 OG<\/span><\/a><\/div><\/li>\n<li><div class=\"wp-block-latest-posts__featured-image alignleft\"><img loading=\"lazy\" decoding=\"async\" width=\"150\" height=\"150\" src=\"https:\/\/dadarindz.fr\/wp-content\/uploads\/2024\/04\/IMG_2303-150x150.jpg\" class=\"attachment-thumbnail size-thumbnail wp-post-image\" alt=\"\" style=\"\" \/><\/div><a class=\"wp-block-latest-posts__post-title\" href=\"https:\/\/dadarindz.fr\/index.php\/2024\/03\/14\/volley-capitaine-dequipe\/\">Volley : capitaine d&rsquo;\u00e9quipe !<\/a><time datetime=\"2024-03-14T16:45:28+01:00\" class=\"wp-block-latest-posts__post-date\">14 mars 2024<\/time><div class=\"wp-block-latest-posts__post-excerpt\">Joueuse investie \u00e0 l\u2019AS de mon lyc\u00e9e Sophie Germain depuis ma seconde, je suis devenue capitaine de l\u2019\u00e9quipe fille d\u00e8s ma seconde ann\u00e9e de pratique. J\u2019ai eu le privil\u00e8ge de s\u00e9lectionner les joueuses de mon \u00e9quipe pour les tournois et de les motiver durant l\u2019ann\u00e9e scolaire les mercredis apr\u00e8s-midi ainsi que pendant les entrainements certains\u2026 <a class=\"wp-block-latest-posts__read-more\" href=\"https:\/\/dadarindz.fr\/index.php\/2024\/03\/14\/volley-capitaine-dequipe\/\" rel=\"noopener noreferrer\">Lire la suite<span class=\"screen-reader-text\">\u00a0: Volley : capitaine d&rsquo;\u00e9quipe !<\/span><\/a><\/div><\/li>\n<\/ul>\n\n\n<h2 class=\"wp-block-heading\">Cr\u00e9ation de booktrailer<\/h2>\n\n\n<ul class=\"wp-block-latest-posts__list has-dates wp-block-latest-posts\"><li><div class=\"wp-block-latest-posts__featured-image alignleft\"><img loading=\"lazy\" decoding=\"async\" width=\"150\" height=\"150\" src=\"https:\/\/dadarindz.fr\/wp-content\/uploads\/2024\/04\/Transparente-205x3001-1-150x150.jpg\" class=\"attachment-thumbnail size-thumbnail wp-post-image\" alt=\"\" style=\"\" \/><\/div><a class=\"wp-block-latest-posts__post-title\" href=\"https:\/\/dadarindz.fr\/index.php\/2024\/03\/13\/creatrice-de-book-trailer\/\">Cr\u00e9atrice de book trailer<\/a><time datetime=\"2024-03-13T18:32:23+01:00\" class=\"wp-block-latest-posts__post-date\">13 mars 2024<\/time><div class=\"wp-block-latest-posts__post-excerpt\">En 2020 j&rsquo;ai avec mes copines Mona, Mado et Mathilde particip\u00e9 au Prix Chim\u00e8re (https:\/\/www.prixchimere.com\/) organis\u00e9 par mon coll\u00e8ge. Le prix CHIM\u00c8RE est un prix litt\u00e9raire qui distingue un roman li\u00e9 \u00e0 l\u2019imaginaire (fantaisie, fantastique, horreur, SF). Il est destin\u00e9 aux jeunes de 9 \u00e0 25 ans. Il en est \u00e0 sa quinzi\u00e8me \u00e9dition. Bas\u00e9\u2026 <a class=\"wp-block-latest-posts__read-more\" href=\"https:\/\/dadarindz.fr\/index.php\/2024\/03\/13\/creatrice-de-book-trailer\/\" rel=\"noopener noreferrer\">Lire la suite<span class=\"screen-reader-text\">\u00a0: Cr\u00e9atrice de book trailer<\/span><\/a><\/div><\/li>\n<\/ul>\n\n\n<h2 class=\"wp-block-heading\">Stage de 3<sup>\u00e8me<\/sup> avec une une v\u00e9to g\u00e9niale !<\/h2>\n\n\n<ul class=\"wp-block-latest-posts__list has-dates wp-block-latest-posts\"><li><div class=\"wp-block-latest-posts__featured-image alignleft\"><img loading=\"lazy\" decoding=\"async\" width=\"150\" height=\"150\" src=\"https:\/\/dadarindz.fr\/wp-content\/uploads\/2024\/04\/Vetosympa-150x150.png\" class=\"attachment-thumbnail size-thumbnail wp-post-image\" alt=\"\" style=\"\" srcset=\"https:\/\/dadarindz.fr\/wp-content\/uploads\/2024\/04\/Vetosympa-150x150.png 150w, https:\/\/dadarindz.fr\/wp-content\/uploads\/2024\/04\/Vetosympa-300x300.png 300w, https:\/\/dadarindz.fr\/wp-content\/uploads\/2024\/04\/Vetosympa-768x768.png 768w, https:\/\/dadarindz.fr\/wp-content\/uploads\/2024\/04\/Vetosympa.png 1024w\" sizes=\"auto, (max-width: 150px) 100vw, 150px\" \/><\/div><a class=\"wp-block-latest-posts__post-title\" href=\"https:\/\/dadarindz.fr\/index.php\/2024\/03\/11\/stage-de-3eme-avec-une-veto-geniale\/\">Stage de 3\u00e8me avec v\u00e9t\u00e9rinaire itin\u00e9rante sp\u00e9cialis\u00e9e en imagerie !<\/a><time datetime=\"2024-03-11T18:40:14+01:00\" class=\"wp-block-latest-posts__post-date\">11 mars 2024<\/time><div class=\"wp-block-latest-posts__post-excerpt\">En classe de troisi\u00e8me au coll\u00e8ge Fran\u00e7ois Couperin dans le IV\u00e8me \u00e0 Paris, j\u2019ai r\u00e9alis\u00e9 un stage d\u2019observation d\u2019une semaine du 16 au 20 d\u00e9cembre 2020. Motiv\u00e9e depuis toujours par le bien-\u00eatre et la sant\u00e9 des animaux, j\u2019ai souhait\u00e9 effectuer ce stage avec un v\u00e9t\u00e9rinaire. Apr\u00e8s plusieurs appels dans des cabinets v\u00e9t\u00e9rinaires parisiens, j\u2019ai eu\u2026 <a class=\"wp-block-latest-posts__read-more\" href=\"https:\/\/dadarindz.fr\/index.php\/2024\/03\/11\/stage-de-3eme-avec-une-veto-geniale\/\" rel=\"noopener noreferrer\">Lire la suite<span class=\"screen-reader-text\">\u00a0: Stage de 3\u00e8me avec v\u00e9t\u00e9rinaire itin\u00e9rante sp\u00e9cialis\u00e9e en imagerie !<\/span><\/a><\/div><\/li>\n<\/ul>","protected":false},"excerpt":{"rendered":"<p>Volley : capitaine d\u2019\u00e9quipe et arbitre Cr\u00e9ation de booktrailer Stage de 3\u00e8me avec une une v\u00e9to g\u00e9niale !<\/p>\n","protected":false},"author":2,"featured_media":0,"parent":0,"menu_order":0,"comment_status":"closed","ping_status":"closed","template":"","meta":{"footnotes":""},"class_list":["post-13","page","type-page","status-publish","hentry"],"blocksy_meta":[],"_links":{"self":[{"href":"https:\/\/dadarindz.fr\/index.php\/wp-json\/wp\/v2\/pages\/13","targetHints":{"allow":["GET"]}}],"collection":[{"href":"https:\/\/dadarindz.fr\/index.php\/wp-json\/wp\/v2\/pages"}],"about":[{"href":"https:\/\/dadarindz.fr\/index.php\/wp-json\/wp\/v2\/types\/page"}],"author":[{"embeddable":true,"href":"https:\/\/dadarindz.fr\/index.php\/wp-json\/wp\/v2\/users\/2"}],"replies":[{"embeddable":true,"href":"https:\/\/dadarindz.fr\/index.php\/wp-json\/wp\/v2\/comments?post=13"}],"version-history":[{"count":13,"href":"https:\/\/dadarindz.fr\/index.php\/wp-json\/wp\/v2\/pages\/13\/revisions"}],"predecessor-version":[{"id":205,"href":"https:\/\/dadarindz.fr\/index.php\/wp-json\/wp\/v2\/pages\/13\/revisions\/205"}],"wp:attachment":[{"href":"https:\/\/dadarindz.fr\/index.php\/wp-json\/wp\/v2\/media?parent=13"}],"curies":[{"name":"wp","href":"https:\/\/api.w.org\/{rel}","templated":true}]}}